ase 6, what is -30535 + 5?
-30530
In base 15, what is -986 + 4?
-982
In base 6, what is -2 + -5453?
-5455
In base 12, what is -1061 + 0?
-1061
In base 6, what is 2512 - -24?
2540
In base 15, what is 15a - 2c?
12d
In base 10, what is 4 - 292?
-288
In base 8, what is 72 - 7?
63
In base 14, what is 57 - -25?
7c
In base 12, what is -3 + 1453?
1450
In base 15, what is -e + -26?
-35
In base 7, what is 12 + 206?
221
In base 16, what is b - -1e?
29
In base 13, what is 3 - -6b4?
6b7
In base 15, what is -1c - 1?
-1d
In base 7, what is 0 - 2462?
-2462
In base 7, what is -42 + -3?
-45
In base 11, what is 6 + -21a0?
-2195
In base 2, what is 1011111100 + -100001?
1011011011
In base 16, what is -5c - -c?
-50
In base 14, what is 4 - 1d4?
-1d0
In base 5, what is -1 - -144?
143
In base 3, what is -12 + 11000?
10211
In base 16, what is 4 + -25b5?
-25b1
In base 15, what is -28 + -2?
-2a
In base 7, what is -415 + -5?
-423
In base 16, what is -281 - d?
-28e
In base 14, what is -1 - dc?
-dd
In base 12, what is 3 - 274?
-271
In base 5, what is 1 + -133?
-132
In base 16, what is -3 + -3f?
-42
In base 6, what is -3 - 4021?
-4024
In base 6, what is -11 + -4?
-15
In base 16, what is -c - -eb?
df
In base 13, what is 1 + -131?
-130
In base 4, what is -21131 - 0?
-21131
In base 11, what is 0 + 126?
126
In base 15, what is -2 + 19?
17
In base 8, what is 6145 - -1?
6146
In base 13, what is -ca9 - 0?
-ca9
In base 4, what is -2 + 301322?
301320
In base 3, what is -1011202 - 11?
-1011220
In base 2, what is -101 + 100010001?
100001100
In base 15, what is 1 - 227?
-226
In base 2, what is -10101110 - -101?
-10101001
In base 9, what is -24 - -6?
-17
In base 2, what is -101 + 10010?
1101
In base 14, what is 15 - 2da?
-2c5
In base 2, what is 11 - -10010?
10101
In base 12, what is -2 - 3b9?
-3bb
In base 11, what is 19 - -1161?
117a
In base 9, what is 104 + 3?
107
In base 4, what is 1 - 113101?
-113100
In base 7, what is -1 + 520?
516
In base 3, what is -12 + -2202110?
-2202122
In base 2, what is -100 - -11100?
11000
In base 14, what is -104 - 5?
-109
In base 14, what is -1a + 5?
-15
In base 10, what is 24 - -3?
27
In base 2, what is -11 + -1001010?
-1001101
In base 15, what is 4 - 26?
-22
In base 8, what is -6 - 14666?
-14674
In base 16, what is -20 + -38?
-58
In base 7, what is 5 - 2343?
-2335
In base 6, what is 13 - -30?
43
In base 4, what is 13231 - -32?
13323
In base 8, what is 2 + -22?
-20
In base 4, what is -1013 + -12?
-1031
In base 16, what is e0 + 1?
e1
In base 15, what is 1 + 1bc?
1bd
In base 16, what is 2 - -18a?
18c
In base 4, what is -1323 - 121?
-2110
In base 8, what is -4 - -131?
125
In base 9, what is 0 + 4648?
4648
In base 15, what is -2 + e8?
e6
In base 13, what is 16 + -16?
0
In base 12, what is -70 - 4?
-74
In base 7, what is -2 - 6413?
-6415
In base 3, what is -10112 + -20?
-10202
In base 2, what is 100 + -101100?
-101000
In base 12, what is -b4 - -1?
-b3
In base 6, what is -324 - 0?
-324
In base 2, what is 1000000001011 - -100?
1000000001111
In base 6, what is -2 + 112?
110
In base 3, what is 11 + -2202200?
-2202112
In base 13, what is b - 21?
-13
In base 8, what is 165 + -3?
162
In base 15, what is 7 + -50?
-48
In base 10, what is -106 + 6?
-100
In base 7, what is 45 - 15?
30
In base 14, what is 82 + 5?
87
In base 9, what is -7 - -58?
51
In base 7, what is 5544 + 3?
5550
In base 2, what is -1111 - -11010001?
11000010
In base 13, what is -158 + -16?
-171
In base 5, what is 100 - -242?
342
In base 10, what is -3 + 34?
31
In base 9, what is -158 + 77?
-71
In base 9, what is -403 - 4?
-407
In base 7, what is -16 + 124?
105
In base 9, what is -2 - 174?
-176
In base 8, what is 322 + 4?
326
In base 15, what is 1 - -1b0?
1b1
In base 11, what is -6 + -14?
-1a
In base 9, what is 8 - -7257?
7266
In base 14, what is -28 + -31?
-59
In base 5, what is 102202 + 10?
102212
In base 16, what is -4 - 800?
-804
In base 3, what is 10022112 - 111?
10022001
In base 9, what is -180 - 5?
-185
In base 8, what is 133 - -4?
137
In base 11, what is 0 + 0?
0
In base 2, what is 11011010001 + -10?
11011001111
In base 8, what is -153 + -4?
-157
In base 13, what is 149 + -9?
140
In base 9, what is 4 + 241?
245
In base 3, what is 20100212 - 2?
20100210
In base 4, what is 12231 - 10?
12221
In base 2, what is 11111 - -100?
100011
In base 11, what is -26 - -3a?
14
In base 6, what is -102 + -4?
-110
In base 7, what is -4 - -63?
56
In base 12, what is 19 + -4b?
-32
In base 15, what is 2e6 - 2?
2e4
In base 15, what is -5 - -396?
391
In base 14, what is 4 + 21?
25
In base 12, what is -15 + 1?
-14
In base 15, what is -6 - -3?
-3
In base 11, what is -48 - 1?
-49
In base 9, what is -130 - -50?
-70
In base 9, what is -4 - 36?
-41
In base 8, what is 7074 - -3?
7077
In base 2, what is 10 + -1100?
-1010
In base 13, what is 5b - -46?
a4
In base 8, what is -44 - -5?
-37
In base 11, what is -132 - 0?
-132
In base 10, what is -260 - 2?
-262
In base 5, what is -3313 + 33?
-3230
In base 5, what is 4 + -131?
-122
In base 5, what is -12 - 131?
-143
In base 2, what is 10 + 10110?
11000
In base 12, what is 15 - -243?
258
In base 9, what is 4 + -17?
-13
In base 8, what is 0 - 436?
-436
In base 6, what is -55211 - 3?
-55214
In base 7, what is 23 + -662?
-636
In base 4, what is -10 + -200230?
-200300
In base 5, what is 24 + 23?
102
In base 10, what is -3888 + -4?
-3892
In base 10, what is -8 + 346?
338
In base 9, what is 1814 + 5?
1820
In base 10, what is -170 - -16?
-154
In base 16, what is 1 - 1e8?
-1e7
In base 12, what is 3 - 9?
-6
In base 9, what is 4161 + 3?
4164
In base 7, what is 15 + 1?
16
In base 16, what is 5 - 1dc?
-1d7
In base 7, what is -26 + -6?
-35
In base 5, what is -1 + 132?
131
In base 7, what is -352 + 2?
-350
In base 14, what is -4 + -3807?
-380b
In base 14, what is -2c7 - -1?
-2c6
In base 10, what is -1346 - -3?
-1343
In base 13, what is -8 - 0?
-8
In base 4, what is -11 - 301?
-312
In base 8, what is -6 + 47?
41
In base 15, what is 2167 - 5?
2162
In base 10, what is -91 - 5?
-96
In base 16, what is 10e + -1?
10d
In base 2, what is 111101001010 - -1?
111101001011
In base 10, what is -371 - 2?
-373
In base 15, what is -4ce8 - -2?
-4ce6
In base 9, what is -1 - 60?
-61
In base 15, what is -3ae - 3?
-3b2
In base 7, what is 0 - -14142?
14142
In base 6, what is -120 + -1?
-121
In base 15, what is 2 + -80?
-7d
In base 13, what is 1ca - 6?
1c4
In base 8, what is -3 - -541?
536
In base 9, what is 1103 + -2?
1101
In base 15, what is 116 - e?
107
In base 5, what is 3421 - -2?
3423
In base 5, what is 4 + 240134?
240143
In base 13, what is 4 - -86?
8a
In base 13, what is 4 - -180?
184
In base 11, what is -508 + 25?
-493
In base 10, what is -29 + 30?
1
In base 6, what is 2 + 1331?
1333
In base 5, what is -3 + 411?
403
In base 8, what is 1 + -1056?
-1055
In base 3, what is 10 - -10022?
10102
In base 10, what is -13 + 35?
22
In base 4, what is -3 - 1310?
-1313
In base 16, what is 31 + -17?
1a
In base 7, what is -5 - 30?
-35
In base 9, what is 3 - 150?
-146
In base 8, what is 111 - -14?
125
In base 2, what is -100001000000010 + -101?
-100001000000111
In base 9, what is 0 - -83?
83
In base 16, what is -23 + -1?
-24
In base 4, what is -1 + -301?
-302
In base 12, what is -68 - -15?
-53
In base 7, what is 45 - 2?
43
In base 13, what is 6 - 139?
-133
In base 11, what is 0 - 11?
-11
In base 8, what is -4017 - 2?
-4021
In base 15, what is -15 + 5?
-10
In base 16, what is -12f - 0?
-12f
In base 15, what is 32 - -2?
34
In base 2, what is -111110 - 1111101?
-10111011
In base 4, what is -133 + -11?
-210
In base 14, what is 6 - 19d?
-197
In base 10, what is -3 + 320?
317
In base 13, what is -443 + 2?
-441
In base 2, what is -10011101 + 0?
-10011101
In base 5, what is -10 + -123312?
-123322
In base 15, what is 1c8 + 4?
1cc
In base 11, what is 632 + 38?
66a
In base 14, what is 12 - -1a?
2c
In base 14, what is 0 + 4a4?
4a4
In base 15, what is -6ac + 1?
-6ab
In base 14, what is -17 - -14?
-3
In base 7, what is -12 + -13?
-25
In base 14, what is -1 - -47?
46
In base 14, what is 75 + 3?
78
In base 13, what is -3 + 1472?
146c
In base 11, what is 4 - -26?
2a
In base 14, what is -129 - 3?
-12c
In base 13, what is 2 - 41?
-3c
In base 11, what is -2 - 225?
-227
In base 5, what is 2 + -214?
-212
In base 16, what is 20 + 0?
20
In base 3, w